t k be (-65)/(-9) + -3 + 50/18. What are the prime factors of i(k)?
2, 19
Suppose -12 = -7*t + t. Let h = t - -14. List the prime factors of h.
2
Let z(y) = -2*y**2 + 23*y + 5. Let o be z(11). Let q = 155 + o. List the prime factors of q.
3, 19
Let x(i) = 2*i - 3. Let p be x(9). Let d = p + -10. Suppose m - d*m + 104 = 0. List the prime factors of m.
2, 13
Suppose 0 = -o + 98 - 10. Let c = o - 162. Let b = 125 + c. List the prime factors of b.
3, 17
Suppose -15*z + 19*z - 2544 = 0. What are the prime factors of z?
2, 3, 53
Suppose 56*i = 60*i - 256. Let j = 110 - i. List the prime factors of j.
2, 23
Let b = 11 + -7. Suppose 16 = 3*a - 4*u, b*u + 4 = a + 3*u. Suppose a = -3*x + x + 64. List the prime factors of x.
2
Suppose -f = 5*j - 1195, -19*f + 15*f + 4748 = 4*j. List the prime factors of f.
3, 5, 79
Let c be (-59)/(2 + 42/(-20)). Suppose 0 = -4*k - 26 + c. List the prime factors of k.
3, 47
Let r = -37 + 74. Suppose -r - 113 = -2*x. List the prime factors of x.
3, 5
Let h = 8 + -9. Let r be (h/(-2))/((-1)/(-242)). Suppose 0 = 3*s + 6, 5*f - 4*s = r + 137. List the prime factors of f.
2, 5
Let g = 731 - -1865. List the prime factors of g.
2, 11, 59
Let s = 3134 - 2177. What are the prime factors of s?
3, 11, 29
Let m = -3554 - -5685. What are the prime factors of m?
2131
Let f be (3/5)/(2/10). Let o be 10/3 + 2/f. Suppose 4*y + 4*t - 136 = 0, 4*t + o = y - t. List the prime factors of y.
29
Let t = -713 + 852. List the prime factors of t.
139
Suppose -9 = -2*c + 5*c, 3*c = 3*f - 33. Suppose -6*t + f*t = 252. What are the prime factors of t?
2, 3, 7
Let f(j) = -8 - j**2 - 6*j + 3 - j. Let w be f(-5). Suppose 0 = -3*o + 5*m + 9 + 45, w*o = -m + 118. What are the prime factors of o?
23
Suppose -2*g + 0*g = -20. Let b(z) = 5*z**3 - 1. Let u be b(1). Suppose -l = u*l - g. List the prime factors of l.
2
Suppose -m = 5*s - 1720, 269 + 419 = 2*s + 5*m. What are the prime factors of s?
2, 43
Suppose -a - 242 = -581. List the prime factors of a.
3, 113
Suppose 0*j + 49 = 2*c - 5*j, -106 = -3*c + j. What are the prime factors of c?
37
Let q(t) = 8*t**2 - 43*t - 239. What are the prime factors of q(-6)?
307
Let b(g) = -26*g - 26. Let l be b(-5). Suppose 300 = -99*c + l*c. List the prime factors of c.
2, 3, 5
Let w = 10 - 6. Suppose -4*l + 2 = -2*m, 2*l = 4*m - 2*m - 4. Suppose w*s + m*k - 57 = 0, -5*k - 5 - 10 = 0. List the prime factors of s.
2, 3
Suppose -1 - 35 = -5*o - 4*y, -5*y = -20. Suppose -4*q - o*x + 154 = -2, 3*x + 58 = 2*q. What are the prime factors of q?
5, 7
Suppose 782 = 10*i - 3308. What are the prime factors of i?
409
Let r(y) be the third derivative of y**4/2 + y**3/3 - 9*y**2. List the prime factors of r(4).
2, 5
Let b = -5827 - -8728. List the prime factors of b.
3, 967
Let x = -713 + 1417. List the prime factors of x.
2, 11
Suppose 7498 = 3*x - 5*r, -2*x + 3*r + 7545 = 2547. List the prime factors of x.
2, 3, 13
Let o(g) = -g**2 - 6*g - 5. Let u be o(-6). Let y(k) = k**2 - 8*k + 12. Let p be y(5). List the prime factors of 67 + u + p + 4.
3, 7
Suppose -3*n + 403 = o, 0 = -2*n - 715*o + 717*o + 282. What are the prime factors of n?
2, 17
Suppose -34 + 124 = 2*v. Let n = v - 39. What are the prime factors of n?
2, 3
Suppose 0 = j - 0 - 3. Let q(r) = 0*r**2 + r**2 - r**j - 3*r + 3 - 4. List the prime factors of q(-2).
17
List the prime factors of (5616/(-378))/(4/(-406)).
2, 13, 29
Suppose 10*p + 1190 = 14*p + m, -4*p + m + 1194 = 0. List the prime factors of p.
2, 149
Let v be ((-2)/4)/(2/324). Let m be 7/28 - v/(-4). Let p = m + 40. List the prime factors of p.
2, 5
Let u(r) = -4*r - 5*r - 19 + 17. Let q be u(-12). Let x = 162 - q. List the prime factors of x.
2, 7
Let p(s) = -2*s**2 + 9*s - 10. Let w be p(4). Let d = 20 + -32. Let b = w - d. What are the prime factors of b?
2, 3
List the prime factors of -4 + 2 - (-511 - 1).
2, 3, 5, 17
Let r(w) = 2*w**2 + 20*w - 20. List the prime factors of r(-28).
2, 13, 19
Let a be (-1 - 2)*(-60)/(-18). List the prime factors of ((-176)/a)/(2/5).
2, 11
Suppose -2*u + q + 5272 = 0, 37*u - 2*q = 35*u + 5270. What are the prime factors of u?
3, 293
Let j = -734 - -1753. What are the prime factors of j?
1019
Let o(l) = -19*l - 3. Let m(j) = 6*j + 1. Let k(r) = -8*m(r) - 3*o(r). Let c = 2 + 1. What are the prime factors of k(c)?
2, 7
Suppose -w + 131 = 824. Suppose 5*k = -5*s + 10, 3*s - k - 4*k = 6. List the prime factors of s/(-8) + w/(-36).
19
Let v = 1290 + -916. What are the prime factors of v?
2, 11, 17
Let c(u) = -4*u + 3. Let l be c(-11). Suppose -w + 3*m = -8 - 7, m = 5*w - l. List the prime factors of w.
3
Let d(z) = -121*z + 2. Let m be d(-1). Let u = 31 - m. List the prime factors of (-1 + u/8)*-2.
5
Suppose 7216 + 5918 = 11*x. What are the prime factors of x?
2, 3, 199
Suppose 4*x = -2*t - t + 51, -2*t + 3*x + 17 = 0. Let s = t + -7. What are the prime factors of (s/(-12))/(1/(-36))?
2, 3
Let k = 64 + -56. Suppose k*u - 190 = 474. List the prime factors of u.
83
Let j(w) = w**2 - 7*w + 6. Let n be j(5). Let v be -3 - 960/54 - (-12)/(-54). Let o = n - v. List the prime factors of o.
17
Let s(q) = q**3 + 3*q**2 - 4*q + 3. Let b be s(-4). Let d(t) = 0*t**3 + 4 - 18*t**2 - 5*t**3 + 3*t**b - 3*t. What are the prime factors of d(-9)?
31
Suppose 3*l + k - 5 = -1, 3*l + 1 = 4*k. Let w be 3 + (l + -1)/(-4). Suppose 4*u - 3*u + j = 39, 3*j + 99 = w*u. List the prime factors of u.
2, 3
List the prime factors of ((-933)/4)/((-2)/8).
3, 311
Let c(g) = -g**3 + g**2 + g + 1. Let t be c(0). Let z = t + 29. Let i = -25 + z. What are the prime factors of i?
5
Suppose 0 = 5*d + 7*n - 2*n + 620, 4*d - n + 521 = 0. Let k be -9*d/(-3)*1. What are the prime factors of ((-2)/6)/(3/k)?
43
Let h(g) = -5*g**3 + 10*g**2 - 14*g - 219. What are the prime factors of h(-9)?
2, 3, 727
Let q(b) = -b**3 + 2*b**2 + 3*b - 5. Let c be q(2). List the prime factors of (99/27)/(c/6).
2, 11
Let z(y) = -y**2 + 2*y**2 + 477*y - 17 - 484*y. List the prime factors of z(-12).
211
Let z(l) = -2*l**2 + 55*l - 62. What are the prime factors of z(23)?
5, 29
Let c be (8/(-4))/(2/(-6)). Let y be (2 - -3) + (-6)/c. Suppose -34 = -2*z + y*i, 3*i - 4*i = -1. List the prime factors of z.
19
Let v be 3 + 0/(-2) - 7. Let g(t) = -t**3 - 4*t**2 - 5*t - 2. Let j be g(v). Let p = -6 + j. List the prime factors of p.
2, 3
Let t(v) be the first derivative of v**4/4 + 19*v**3/3 + 5*v**2 - 9*v - 28. What are the prime factors of t(-18)?
3, 5
Suppose -28 = h + 3*h. Let i = h + 4. Let k(o) = -o**3 - 2*o**2 - 2. List the prime factors of k(i).
7
Suppose -18*k + 13*k = -3590. What are the prime factors of k?
2, 359
Suppose -4*m - 48 = 12. Let n(s) = -7*s - 7. List the prime factors of n(m).
2, 7
What are the prime factors of ((-6)/(-5))/(45/180300)?
2, 601
Let q(z) = 4*z - 1. Let y(w) = 3*w. Let o(m) = -4*q(m) + 5*y(m). Let p be o(-9). Let h(f) = 3*f - 28. What are the prime factors of h(p)?
11
Let s(g) = 3*g - 1. Let t be s(1). Suppose -2*q = -t*d - 78, -4*q - 3*d = -5*d - 146. Suppose 3*c - q = -13. List the prime factors of c.
7
What are the prime factors of (12/(-5))/(11607/1290 - 9)?
2, 3, 43
Let m = -38 + 38. Suppose -2*z - z - 5*r = -260, 3*z - r - 290 = m. What are the prime factors of z?
5, 19
Suppose -11 + 2 = 3*b. Let l = b + -3. Let n(i) = -4*i - 13. List the prime factors of n(l).
11
Suppose 3*i = 4*r + 4*i - 20896, -3*r + 15677 = 2*i. List the prime factors of r.
3, 1741
Suppose -20 = -3*c - 2*c. Suppose -3*o = -c*v + 45 - 175, 2*o + 4*v - 60 = 0. List the prime factors of o.
2, 19
Let s(q) = -q**2 + 2*q - 9. Let p be s(-4). Let l = p - -59. Let y = -21 + l. What are the prime factors of y?
5
Let u be 5 + 10/(90/(-81)). Let w = 29 + -19. What are the prime factors of (-153)/(-5) - u/w?
31
Suppose -4*u = -4*z - 1564, 0 = 3*z + u + u + 1178. Let j = -260 - z. What are the prime factors of j?
2, 3, 11
Let s(h) = 3*h**2 + 16*h - 7. What are the prime factors of s(24)?
5, 421
Let u be 15/10*(-8)/(-3). Suppose 4*w = -u*x + 132, 2*w - 50 = -0*w + 2*x. What are the prime factors of w?
29
Let o = 459 - 12. What are the prime factors of o?
3, 149
Let u = -6792 - -10383. List the prime factors of u.
3, 7, 19
List the prime factors of 26920/24*(-6)/(-5).
2, 673
Suppose 7*f = 11868 + 9839. List the prime factors of f.
7, 443
Suppose -1397 = -3*c - 